{"id":272,"date":"2023-04-17T19:32:45","date_gmt":"2023-04-17T19:32:45","guid":{"rendered":"https:\/\/fundacionredcolores.org\/?page_id=272"},"modified":"2023-04-19T19:38:43","modified_gmt":"2023-04-19T19:38:43","slug":"verde","status":"publish","type":"page","link":"https:\/\/fundacionredcolores.org\/index.php\/verde\/","title":{"rendered":"TEJIDO VERDE"},"content":{"rendered":"\t\t<div data-elementor-type=\"wp-page\" data-elementor-id=\"272\" class=\"elementor elementor-272\">\n\t\t\t\t\t\t<section class=\"elementor-section elementor-top-section elementor-element elementor-element-54f3506b elementor-section-height-min-height elementor-section-boxed elementor-section-height-default elementor-section-items-middle\" data-id=\"54f3506b\" data-element_type=\"section\" data-settings=\"{&quot;background_background&quot;:&quot;gradient&quot;,&quot;mdp_selection_sticky_effect_enable&quot;:false}\">\n\t\t\t\t\t\t<div class=\"elementor-container elementor-column-gap-default\">\n\t\t\t\t\t<div class=\"elementor-column elementor-col-100 elementor-top-column elementor-element elementor-element-71220ac1\" data-id=\"71220ac1\" data-element_type=\"column\" data-settings=\"{&quot;background_background&quot;:&quot;classic&quot;,&quot;mdp_selection_sticky_column_effect_enable&quot;:false}\">\n\t\t\t<div class=\"elementor-widget-wrap elementor-element-populated\">\n\t\t\t\t\t\t<section class=\"elementor-section elementor-inner-section elementor-element elementor-element-705d0b94 elementor-section-boxed elementor-section-height-default elementor-section-height-default\" data-id=\"705d0b94\" data-element_type=\"section\" data-settings=\"{&quot;background_background&quot;:&quot;classic&quot;,&quot;mdp_selection_sticky_effect_enable&quot;:false}\">\n\t\t\t\t\t\t<div class=\"elementor-container elementor-column-gap-default\">\n\t\t\t\t\t<div class=\"elementor-column elementor-col-100 elementor-inner-column elementor-element elementor-element-fec62a3\" data-id=\"fec62a3\" data-element_type=\"column\" data-settings=\"{&quot;background_background&quot;:&quot;classic&quot;,&quot;mdp_selection_sticky_column_effect_enable&quot;:false}\">\n\t\t\t<div class=\"elementor-widget-wrap elementor-element-populated\">\n\t\t\t\t\t\t<div class=\"elementor-element elementor-element-5525ebfe elementor-widget elementor-widget-heading\" data-id=\"5525ebfe\" data-element_type=\"widget\" data-widget_type=\"heading.default\">\n\t\t\t\t<div class=\"elementor-widget-container\">\n\t\t\t\t\t<h2 class=\"elementor-heading-title elementor-size-default\">TEJIDO VERDE<\/h2>\t\t\t\t<\/div>\n\t\t\t\t<\/div>\n\t\t\t\t\t<\/div>\n\t\t<\/div>\n\t\t\t\t\t<\/div>\n\t\t<\/section>\n\t\t\t\t\t<\/div>\n\t\t<\/div>\n\t\t\t\t\t<\/div>\n\t\t<\/section>\n\t\t\t\t<section class=\"elementor-section elementor-top-section elementor-element elementor-element-310f889d elementor-reverse-tablet elementor-reverse-mobile elementor-section-boxed elementor-section-height-default elementor-section-height-default\" data-id=\"310f889d\" data-element_type=\"section\" data-settings=\"{&quot;background_background&quot;:&quot;gradient&quot;,&quot;mdp_selection_sticky_effect_enable&quot;:false}\">\n\t\t\t\t\t\t\t<div class=\"elementor-background-overlay\"><\/div>\n\t\t\t\t\t\t\t<div class=\"elementor-container elementor-column-gap-default\">\n\t\t\t\t\t<div class=\"elementor-column elementor-col-100 elementor-top-column elementor-element elementor-element-328350c7\" data-id=\"328350c7\" data-element_type=\"column\" data-settings=\"{&quot;mdp_selection_sticky_column_effect_enable&quot;:false}\">\n\t\t\t<div class=\"elementor-widget-wrap elementor-element-populated\">\n\t\t\t\t\t\t<section class=\"elementor-section elementor-inner-section elementor-element elementor-element-32e1f2dd elementor-section-boxed elementor-section-height-default elementor-section-height-default\" data-id=\"32e1f2dd\" data-element_type=\"section\" data-settings=\"{&quot;background_background&quot;:&quot;classic&quot;,&quot;mdp_selection_sticky_effect_enable&quot;:false}\">\n\t\t\t\t\t\t<div class=\"elementor-container elementor-column-gap-default\">\n\t\t\t\t\t<div class=\"elementor-column elementor-col-100 elementor-inner-column elementor-element elementor-element-2b83d62c\" data-id=\"2b83d62c\" data-element_type=\"column\" data-settings=\"{&quot;mdp_selection_sticky_column_effect_enable&quot;:false}\">\n\t\t\t<div class=\"elementor-widget-wrap elementor-element-populated\">\n\t\t\t\t\t\t<div class=\"elementor-element elementor-element-717af3b1 elementor-widget elementor-widget-heading\" data-id=\"717af3b1\" data-element_type=\"widget\" data-widget_type=\"heading.default\">\n\t\t\t\t<div class=\"elementor-widget-container\">\n\t\t\t\t\t<h5 class=\"elementor-heading-title elementor-size-default\">L\u00ednea Ambiental<\/h5>\t\t\t\t<\/div>\n\t\t\t\t<\/div>\n\t\t\t\t<div class=\"elementor-element elementor-element-8aa6622 elementor-widget elementor-widget-elementskit-faq\" data-id=\"8aa6622\" data-element_type=\"widget\" data-widget_type=\"elementskit-faq.default\">\n\t\t\t\t<div class=\"elementor-widget-container\">\n\t\t\t\t\t<div class=\"ekit-wid-con\" >\n                <div class=\"elementskit-single-faq elementor-repeater-item-a8946fb\">\n            <div class=\"elementskit-faq-header\">\n                <h2 class=\"elementskit-faq-title\">\u201csi supiera que el mundo acaba ma\u00f1ana, yo, hoy todav\u00eda, plantar\u00eda un \u00e1rbol\u201d Martin L.K.<\/h2>\n            <\/div>\n            <div class=\"elementskit-faq-body\">\n                No es desconocimiento para ninguna persona e instituci\u00f3n del problema ambiental que\nestamos viviendo en la actualidad, esto es debido a la forma incorrecta del manejo de\nlos insumos que nos brinda la naturaleza, para que el ser humano viva en comodidad y\ncalidad en la Tierra. La manera inconsciente del manejo de los recursos naturales y\ndesechos que se genera cada d\u00eda, est\u00e1 causando un impacto negativo casi irreparable\nen el Medio Ambiente y, esto causar\u00eda grandes da\u00f1os y limitaciones en la vida humana;\na\u00fan estamos a tiempo de corregir y de generar un cambio positivo en la naturaleza y de\nremediar el impacto negativo que tiene en estos momentos.\nEnfocados en fomentar sensibilidad, conciencia y responsabilidad ambiental, se crean\nestrategias a trav\u00e9s de las investigaciones, para dar una gu\u00eda correcta al cuidado del\nmedio ambiente y al manejo de residuos que genera el ser humano cada d\u00eda; adem\u00e1s,\nde buscar un cambio e impacto positivo, crear planes para una econom\u00eda sostenible de\nuna manera circular donde se exponga menos a la naturaleza.            <\/div>\n        <\/div>\n                \n    <\/div>\t\t\t\t<\/div>\n\t\t\t\t<\/div>\n\t\t\t\t\t<\/div>\n\t\t<\/div>\n\t\t\t\t\t<\/div>\n\t\t<\/section>\n\t\t\t\t<section class=\"elementor-section elementor-inner-section elementor-element elementor-element-1a797a1c elementor-section-boxed elementor-section-height-default elementor-section-height-default\" data-id=\"1a797a1c\" data-element_type=\"section\" data-settings=\"{&quot;background_background&quot;:&quot;classic&quot;,&quot;mdp_selection_sticky_effect_enable&quot;:false}\">\n\t\t\t\t\t\t<div class=\"elementor-container elementor-column-gap-default\">\n\t\t\t\t\t<div class=\"elementor-column elementor-col-100 elementor-inner-column elementor-element elementor-element-4ff2e6aa\" data-id=\"4ff2e6aa\" data-element_type=\"column\" data-settings=\"{&quot;mdp_selection_sticky_column_effect_enable&quot;:false}\">\n\t\t\t<div class=\"elementor-widget-wrap elementor-element-populated\">\n\t\t\t\t\t\t<div class=\"elementor-element elementor-element-3b0bb5d7 elementor-widget elementor-widget-elementskit-faq\" data-id=\"3b0bb5d7\" data-element_type=\"widget\" data-widget_type=\"elementskit-faq.default\">\n\t\t\t\t<div class=\"elementor-widget-container\">\n\t\t\t\t\t<div class=\"ekit-wid-con\" >\n                <div class=\"elementskit-single-faq elementor-repeater-item-a8946fb\">\n            <div class=\"elementskit-faq-header\">\n                <h2 class=\"elementskit-faq-title\">PROYECTOS PRINCIPALES<\/h2>\n            <\/div>\n            <div class=\"elementskit-faq-body\">\n                GENERACI\u00d3N VIOLETA: Diplomado \u201cGuardianes de la Excelencia\u201d enfocado en\nla educaci\u00f3n integral del Ser, a trav\u00e9s de las artes y el debate. Va dirigido a\nestudiantes, representantes de grupo y l\u00edderes de cada grado.<br><br>\nBA\u00daL AZUL: Es el proyecto enfocado en brindar educaci\u00f3n a j\u00f3venes y adultos\nque a\u00fan no han podido acceder a ella, la nominamos tambi\u00e9n \u201cEducaci\u00f3n M\u00f3vil\u201d\nya que el objetivo principal es llegar a esas comunidades que se les dificulta el\ntraslado por falta de recursos.<br> <br>\nNI\u00d1OS COLOR PURPURA: Este proyecto se desarrollara a trav\u00e9s de un Semillero\nInternacional de Educaci\u00f3n dirigido a los estudiantes de primaria, con el\nobjetivo, de formarlos desde una edad temprana para generar en ellos un\npensamiento cr\u00edtico, sensible y responsable.            <\/div>\n        <\/div>\n                \n    <\/div>\t\t\t\t<\/div>\n\t\t\t\t<\/div>\n\t\t\t\t\t<\/div>\n\t\t<\/div>\n\t\t\t\t\t<\/div>\n\t\t<\/section>\n\t\t\t\t\t<\/div>\n\t\t<\/div>\n\t\t\t\t\t<\/div>\n\t\t<\/section>\n\t\t\t\t<\/div>\n\t\t","protected":false},"excerpt":{"rendered":"<p>TEJIDO VERDE L\u00ednea Ambiental \u201csi supiera que el mundo acaba ma\u00f1ana, yo, hoy todav\u00eda, plantar\u00eda un \u00e1rbol\u201d Martin L.K. No es desconocimiento para ninguna persona e instituci\u00f3n del problema ambiental que estamos viviendo en la actualidad, esto es debido a la forma incorrecta del manejo de los insumos que nos brinda la naturaleza, para que [&hellip;]<\/p>\n","protected":false},"author":1,"featured_media":0,"parent":0,"menu_order":0,"comment_status":"closed","ping_status":"closed","template":"elementor_header_footer","meta":{"_et_pb_use_builder":"","_et_pb_old_content":"","_et_gb_content_width":"","_joinchat":[],"footnotes":""},"class_list":["post-272","page","type-page","status-publish","hentry"],"_links":{"self":[{"href":"https:\/\/fundacionredcolores.org\/index.php\/wp-json\/wp\/v2\/pages\/272","targetHints":{"allow":["GET"]}}],"collection":[{"href":"https:\/\/fundacionredcolores.org\/index.php\/wp-json\/wp\/v2\/pages"}],"about":[{"href":"https:\/\/fundacionredcolores.org\/index.php\/wp-json\/wp\/v2\/types\/page"}],"author":[{"embeddable":true,"href":"https:\/\/fundacionredcolores.org\/index.php\/wp-json\/wp\/v2\/users\/1"}],"replies":[{"embeddable":true,"href":"https:\/\/fundacionredcolores.org\/index.php\/wp-json\/wp\/v2\/comments?post=272"}],"version-history":[{"count":35,"href":"https:\/\/fundacionredcolores.org\/index.php\/wp-json\/wp\/v2\/pages\/272\/revisions"}],"predecessor-version":[{"id":447,"href":"https:\/\/fundacionredcolores.org\/index.php\/wp-json\/wp\/v2\/pages\/272\/revisions\/447"}],"wp:attachment":[{"href":"https:\/\/fundacionredcolores.org\/index.php\/wp-json\/wp\/v2\/media?parent=272"}],"curies":[{"name":"wp","href":"https:\/\/api.w.org\/{rel}","templated":true}]}}

<div data-elementor-type="wp-page" data-elementor-id="272" class="elementor elementor-272">
						<section class="elementor-section elementor-top-section elementor-element elementor-element-54f3506b elementor-section-height-min-height elementor-section-boxed elementor-section-height-default elementor-section-items-middle" data-id="54f3506b" data-element_type="section" data-settings="{&quot;background_background&quot;:&quot;gradient&quot;,&quot;mdp_selection_sticky_effect_enable&quot;:false}">
						<div class="elementor-container elementor-column-gap-default">
					<div class="elementor-column elementor-col-100 elementor-top-column elementor-element elementor-element-71220ac1" data-id="71220ac1" data-element_type="column" data-settings="{&quot;background_background&quot;:&quot;classic&quot;,&quot;mdp_selection_sticky_column_effect_enable&quot;:false}">
			<div class="elementor-widget-wrap elementor-element-populated">
						<section class="elementor-section elementor-inner-section elementor-element elementor-element-705d0b94 elementor-section-boxed elementor-section-height-default elementor-section-height-default" data-id="705d0b94" data-element_type="section" data-settings="{&quot;background_background&quot;:&quot;classic&quot;,&quot;mdp_selection_sticky_effect_enable&quot;:false}">
						<div class="elementor-container elementor-column-gap-default">
					<div class="elementor-column elementor-col-100 elementor-inner-column elementor-element elementor-element-fec62a3" data-id="fec62a3" data-element_type="column" data-settings="{&quot;background_background&quot;:&quot;classic&quot;,&quot;mdp_selection_sticky_column_effect_enable&quot;:false}">
			<div class="elementor-widget-wrap elementor-element-populated">
						<div class="elementor-element elementor-element-5525ebfe elementor-widget elementor-widget-heading" data-id="5525ebfe" data-element_type="widget" data-widget_type="heading.default">
				<div class="elementor-widget-container">
					<h2 class="elementor-heading-title elementor-size-default">TEJIDO VERDE</h2>				</div>
				</div>
					</div>
		</div>
					</div>
		</section>
					</div>
		</div>
					</div>
		</section>
				<section class="elementor-section elementor-top-section elementor-element elementor-element-310f889d elementor-reverse-tablet elementor-reverse-mobile elementor-section-boxed elementor-section-height-default elementor-section-height-default" data-id="310f889d" data-element_type="section" data-settings="{&quot;background_background&quot;:&quot;gradient&quot;,&quot;mdp_selection_sticky_effect_enable&quot;:false}">
							<div class="elementor-background-overlay"></div>
							<div class="elementor-container elementor-column-gap-default">
					<div class="elementor-column elementor-col-100 elementor-top-column elementor-element elementor-element-328350c7" data-id="328350c7" data-element_type="column" data-settings="{&quot;mdp_selection_sticky_column_effect_enable&quot;:false}">
			<div class="elementor-widget-wrap elementor-element-populated">
						<section class="elementor-section elementor-inner-section elementor-element elementor-element-32e1f2dd elementor-section-boxed elementor-section-height-default elementor-section-height-default" data-id="32e1f2dd" data-element_type="section" data-settings="{&quot;background_background&quot;:&quot;classic&quot;,&quot;mdp_selection_sticky_effect_enable&quot;:false}">
						<div class="elementor-container elementor-column-gap-default">
					<div class="elementor-column elementor-col-100 elementor-inner-column elementor-element elementor-element-2b83d62c" data-id="2b83d62c" data-element_type="column" data-settings="{&quot;mdp_selection_sticky_column_effect_enable&quot;:false}">
			<div class="elementor-widget-wrap elementor-element-populated">
						<div class="elementor-element elementor-element-717af3b1 elementor-widget elementor-widget-heading" data-id="717af3b1" data-element_type="widget" data-widget_type="heading.default">
				<div class="elementor-widget-container">
					<h5 class="elementor-heading-title elementor-size-default">Línea Ambiental</h5>				</div>
				</div>
				<div class="elementor-element elementor-element-8aa6622 elementor-widget elementor-widget-elementskit-faq" data-id="8aa6622" data-element_type="widget" data-widget_type="elementskit-faq.default">
				<div class="elementor-widget-container">
					<div class="ekit-wid-con" >
                <div class="elementskit-single-faq elementor-repeater-item-a8946fb">
            <div class="elementskit-faq-header">
                <h2 class="elementskit-faq-title">“si supiera que el mundo acaba mañana, yo, hoy todavía, plantaría un árbol” Martin L.K.</h2>
            </div>
            <div class="elementskit-faq-body">
                No es desconocimiento para ninguna persona e institución del problema ambiental que
estamos viviendo en la actualidad, esto es debido a la forma incorrecta del manejo de
los insumos que nos brinda la naturaleza, para que el ser humano viva en comodidad y
calidad en la Tierra. La manera inconsciente del manejo de los recursos naturales y
desechos que se genera cada día, está causando un impacto negativo casi irreparable
en el Medio Ambiente y, esto causaría grandes daños y limitaciones en la vida humana;
aún estamos a tiempo de corregir y de generar un cambio positivo en la naturaleza y de
remediar el impacto negativo que tiene en estos momentos.
Enfocados en fomentar sensibilidad, conciencia y responsabilidad ambiental, se crean
estrategias a través de las investigaciones, para dar una guía correcta al cuidado del
medio ambiente y al manejo de residuos que genera el ser humano cada día; además,
de buscar un cambio e impacto positivo, crear planes para una economía sostenible de
una manera circular donde se exponga menos a la naturaleza.            </div>
        </div>
                
    </div>				</div>
				</div>
					</div>
		</div>
					</div>
		</section>
				<section class="elementor-section elementor-inner-section elementor-element elementor-element-1a797a1c elementor-section-boxed elementor-section-height-default elementor-section-height-default" data-id="1a797a1c" data-element_type="section" data-settings="{&quot;background_background&quot;:&quot;classic&quot;,&quot;mdp_selection_sticky_effect_enable&quot;:false}">
						<div class="elementor-container elementor-column-gap-default">
					<div class="elementor-column elementor-col-100 elementor-inner-column elementor-element elementor-element-4ff2e6aa" data-id="4ff2e6aa" data-element_type="column" data-settings="{&quot;mdp_selection_sticky_column_effect_enable&quot;:false}">
			<div class="elementor-widget-wrap elementor-element-populated">
						<div class="elementor-element elementor-element-3b0bb5d7 elementor-widget elementor-widget-elementskit-faq" data-id="3b0bb5d7" data-element_type="widget" data-widget_type="elementskit-faq.default">
				<div class="elementor-widget-container">
					<div class="ekit-wid-con" >
                <div class="elementskit-single-faq elementor-repeater-item-a8946fb">
            <div class="elementskit-faq-header">
                <h2 class="elementskit-faq-title">PROYECTOS PRINCIPALES</h2>
            </div>
            <div class="elementskit-faq-body">
                GENERACIÓN VIOLETA: Diplomado “Guardianes de la Excelencia” enfocado en
la educación integral del Ser, a través de las artes y el debate. Va dirigido a
estudiantes, representantes de grupo y líderes de cada grado.<br><br>
BAÚL AZUL: Es el proyecto enfocado en brindar educación a jóvenes y adultos
que aún no han podido acceder a ella, la nominamos también “Educación Móvil”
ya que el objetivo principal es llegar a esas comunidades que se les dificulta el
traslado por falta de recursos.<br> <br>
NIÑOS COLOR PURPURA: Este proyecto se desarrollara a través de un Semillero
Internacional de Educación dirigido a los estudiantes de primaria, con el
objetivo, de formarlos desde una edad temprana para generar en ellos un
pensamiento crítico, sensible y responsable.            </div>
        </div>
                
    </div>				</div>
				</div>
					</div>
		</div>
					</div>
		</section>
					</div>
		</div>
					</div>
		</section>
				</div>

<p>TEJIDO VERDE Línea Ambiental “si supiera que el mundo acaba mañana, yo, hoy todavía, plantaría un árbol” Martin L.K. No es desconocimiento para ninguna persona e institución del problema ambiental que estamos viviendo en la actualidad, esto es debido a la forma incorrecta del manejo de los insumos que nos brinda la naturaleza, para que [&hellip;]</p>
