{"id":296,"date":"2023-04-17T19:44:13","date_gmt":"2023-04-17T19:44:13","guid":{"rendered":"https:\/\/fundacionredcolores.org\/?page_id=296"},"modified":"2023-04-19T19:33:39","modified_gmt":"2023-04-19T19:33:39","slug":"lapices-de-colores","status":"publish","type":"page","link":"https:\/\/fundacionredcolores.org\/index.php\/lapices-de-colores\/","title":{"rendered":"L\u00c1PICES DE COLORES"},"content":{"rendered":"\t\t<div data-elementor-type=\"wp-page\" data-elementor-id=\"296\" class=\"elementor elementor-296\">\n\t\t\t\t\t\t<section class=\"elementor-section elementor-top-section elementor-element elementor-element-12062224 elementor-section-height-min-height elementor-section-boxed elementor-section-height-default elementor-section-items-middle\" data-id=\"12062224\" data-element_type=\"section\" data-settings=\"{&quot;background_background&quot;:&quot;gradient&quot;,&quot;mdp_selection_sticky_effect_enable&quot;:false}\">\n\t\t\t\t\t\t<div class=\"elementor-container elementor-column-gap-default\">\n\t\t\t\t\t<div class=\"elementor-column elementor-col-100 elementor-top-column elementor-element elementor-element-6a596682\" data-id=\"6a596682\" data-element_type=\"column\" data-settings=\"{&quot;background_background&quot;:&quot;classic&quot;,&quot;mdp_selection_sticky_column_effect_enable&quot;:false}\">\n\t\t\t<div class=\"elementor-widget-wrap elementor-element-populated\">\n\t\t\t\t\t\t<section class=\"elementor-section elementor-inner-section elementor-element elementor-element-7c0c2b1f elementor-section-boxed elementor-section-height-default elementor-section-height-default\" data-id=\"7c0c2b1f\" data-element_type=\"section\" data-settings=\"{&quot;background_background&quot;:&quot;classic&quot;,&quot;mdp_selection_sticky_effect_enable&quot;:false}\">\n\t\t\t\t\t\t<div class=\"elementor-container elementor-column-gap-default\">\n\t\t\t\t\t<div class=\"elementor-column elementor-col-100 elementor-inner-column elementor-element elementor-element-1e425d2f\" data-id=\"1e425d2f\" data-element_type=\"column\" data-settings=\"{&quot;background_background&quot;:&quot;classic&quot;,&quot;mdp_selection_sticky_column_effect_enable&quot;:false}\">\n\t\t\t<div class=\"elementor-widget-wrap elementor-element-populated\">\n\t\t\t\t\t\t<div class=\"elementor-element elementor-element-4c206a58 elementor-widget elementor-widget-heading\" data-id=\"4c206a58\" data-element_type=\"widget\" data-widget_type=\"heading.default\">\n\t\t\t\t<div class=\"elementor-widget-container\">\n\t\t\t\t\t<h2 class=\"elementor-heading-title elementor-size-default\">L\u00c1PICES DE COLORES<\/h2>\t\t\t\t<\/div>\n\t\t\t\t<\/div>\n\t\t\t\t\t<\/div>\n\t\t<\/div>\n\t\t\t\t\t<\/div>\n\t\t<\/section>\n\t\t\t\t\t<\/div>\n\t\t<\/div>\n\t\t\t\t\t<\/div>\n\t\t<\/section>\n\t\t\t\t<section class=\"elementor-section elementor-top-section elementor-element elementor-element-60ea534c elementor-reverse-tablet elementor-reverse-mobile elementor-section-boxed elementor-section-height-default elementor-section-height-default\" data-id=\"60ea534c\" data-element_type=\"section\" data-settings=\"{&quot;background_background&quot;:&quot;gradient&quot;,&quot;mdp_selection_sticky_effect_enable&quot;:false}\">\n\t\t\t\t\t\t\t<div class=\"elementor-background-overlay\"><\/div>\n\t\t\t\t\t\t\t<div class=\"elementor-container elementor-column-gap-default\">\n\t\t\t\t\t<div class=\"elementor-column elementor-col-100 elementor-top-column elementor-element elementor-element-343b8f\" data-id=\"343b8f\" data-element_type=\"column\" data-settings=\"{&quot;mdp_selection_sticky_column_effect_enable&quot;:false}\">\n\t\t\t<div class=\"elementor-widget-wrap elementor-element-populated\">\n\t\t\t\t\t\t<section class=\"elementor-section elementor-inner-section elementor-element elementor-element-4872b1f2 elementor-section-boxed elementor-section-height-default elementor-section-height-default\" data-id=\"4872b1f2\" data-element_type=\"section\" data-settings=\"{&quot;background_background&quot;:&quot;classic&quot;,&quot;mdp_selection_sticky_effect_enable&quot;:false}\">\n\t\t\t\t\t\t<div class=\"elementor-container elementor-column-gap-default\">\n\t\t\t\t\t<div class=\"elementor-column elementor-col-100 elementor-inner-column elementor-element elementor-element-20d0796f\" data-id=\"20d0796f\" data-element_type=\"column\" data-settings=\"{&quot;mdp_selection_sticky_column_effect_enable&quot;:false}\">\n\t\t\t<div class=\"elementor-widget-wrap elementor-element-populated\">\n\t\t\t\t\t\t<div class=\"elementor-element elementor-element-b8cac40 elementor-widget elementor-widget-heading\" data-id=\"b8cac40\" data-element_type=\"widget\" data-widget_type=\"heading.default\">\n\t\t\t\t<div class=\"elementor-widget-container\">\n\t\t\t\t\t<h5 class=\"elementor-heading-title elementor-size-default\">L\u00ednea Educativa<\/h5>\t\t\t\t<\/div>\n\t\t\t\t<\/div>\n\t\t\t\t<div class=\"elementor-element elementor-element-62b27096 elementor-widget elementor-widget-elementskit-faq\" data-id=\"62b27096\" data-element_type=\"widget\" data-widget_type=\"elementskit-faq.default\">\n\t\t\t\t<div class=\"elementor-widget-container\">\n\t\t\t\t\t<div class=\"ekit-wid-con\" >\n                <div class=\"elementskit-single-faq elementor-repeater-item-a8946fb\">\n            <div class=\"elementskit-faq-header\">\n                <h2 class=\"elementskit-faq-title\">\u201cDime y lo olvido, ens\u00e9\u00f1ame y lo recuerdo, invol\u00facrame y lo aprendo\u201d Benjam\u00edn F.<\/h2>\n            <\/div>\n            <div class=\"elementskit-faq-body\">\n                A trav\u00e9s de encuestas e investigaciones hemos podido determinar que la educaci\u00f3n\nformal de hoy en d\u00eda esta desactualizada, es una formaci\u00f3n ambigua y no va a la\nvanguardia con la necesidad y la oferta que requiere el estudiante en la actualidad, esto\nest\u00e1 causando dificultades al momento de salir del aula y enfrentarse o desenvolverse en la sociedad como adulto, pues los j\u00f3venes carecen de herramientas, criterio y\nformaci\u00f3n del Ser para poder ser part\u00edcipes y tomar decisiones que beneficien tanto a\nla sociedad, como a ellos mismos de una manera responsable.<br><br>\n\nNo se est\u00e1 teniendo en cuenta la forma en como los estudiantes quieren aprender hoy\nen d\u00eda, como quieren explorar y explotar su conocimiento y el que van adquiriendo y,\nesto est\u00e1 causando cada vez, mayor desinter\u00e9s al momento de estudiar y m\u00e1s deserci\u00f3n\npor parte de los estudiantes, por ende y en miras de estas problem\u00e1ticas decidimos\nabarcar este tema en varios proyectos teniendo en cuenta el grado, edad y entorno del\njoven para poder cumplir y satisfacer la demanda educativa que hay en estos\nmomentos.<br><br>\n\n            <\/div>\n        <\/div>\n                \n    <\/div>\t\t\t\t<\/div>\n\t\t\t\t<\/div>\n\t\t\t\t\t<\/div>\n\t\t<\/div>\n\t\t\t\t\t<\/div>\n\t\t<\/section>\n\t\t\t\t<section class=\"elementor-section elementor-inner-section elementor-element elementor-element-283a55d9 elementor-section-boxed elementor-section-height-default elementor-section-height-default\" data-id=\"283a55d9\" data-element_type=\"section\" data-settings=\"{&quot;background_background&quot;:&quot;classic&quot;,&quot;mdp_selection_sticky_effect_enable&quot;:false}\">\n\t\t\t\t\t\t<div class=\"elementor-container elementor-column-gap-default\">\n\t\t\t\t\t<div class=\"elementor-column elementor-col-100 elementor-inner-column elementor-element elementor-element-632f1257\" data-id=\"632f1257\" data-element_type=\"column\" data-settings=\"{&quot;mdp_selection_sticky_column_effect_enable&quot;:false}\">\n\t\t\t<div class=\"elementor-widget-wrap elementor-element-populated\">\n\t\t\t\t\t\t<div class=\"elementor-element elementor-element-5191369a elementor-widget elementor-widget-elementskit-faq\" data-id=\"5191369a\" data-element_type=\"widget\" data-widget_type=\"elementskit-faq.default\">\n\t\t\t\t<div class=\"elementor-widget-container\">\n\t\t\t\t\t<div class=\"ekit-wid-con\" >\n                <div class=\"elementskit-single-faq elementor-repeater-item-a8946fb\">\n            <div class=\"elementskit-faq-header\">\n                <h2 class=\"elementskit-faq-title\">PROYECTOS PRINCIPALES<\/h2>\n            <\/div>\n            <div class=\"elementskit-faq-body\">\n                 GENERACI\u00d3N VIOLETA: Diplomado \u201cGuardianes de la Excelencia\u201d enfocado en\nla educaci\u00f3n integral del Ser, a trav\u00e9s de las artes y el debate. Va dirigido a\nestudiantes, representantes de grupo y l\u00edderes de cada grado.<br><br>\nBA\u00daL AZUL: Es el proyecto enfocado en brindar educaci\u00f3n a j\u00f3venes y adultos\nque a\u00fan no han podido acceder a ella, la nominamos tambi\u00e9n \u201cEducaci\u00f3n M\u00f3vil\u201d\nya que el objetivo principal es llegar a esas comunidades que se les dificulta el\ntraslado por falta de recursos.<br> <br>\nNI\u00d1OS COLOR PURPURA: Este proyecto se desarrollara a trav\u00e9s de un Semillero\nInternacional de Educaci\u00f3n dirigido a los estudiantes de primaria, con el\nobjetivo, de formarlos desde una edad temprana para generar en ellos un\npensamiento cr\u00edtico, sensible y responsable.            <\/div>\n        <\/div>\n                \n    <\/div>\t\t\t\t<\/div>\n\t\t\t\t<\/div>\n\t\t\t\t\t<\/div>\n\t\t<\/div>\n\t\t\t\t\t<\/div>\n\t\t<\/section>\n\t\t\t\t\t<\/div>\n\t\t<\/div>\n\t\t\t\t\t<\/div>\n\t\t<\/section>\n\t\t\t\t<\/div>\n\t\t","protected":false},"excerpt":{"rendered":"<p>L\u00c1PICES DE COLORES L\u00ednea Educativa \u201cDime y lo olvido, ens\u00e9\u00f1ame y lo recuerdo, invol\u00facrame y lo aprendo\u201d Benjam\u00edn F. A trav\u00e9s de encuestas e investigaciones hemos podido determinar que la educaci\u00f3n formal de hoy en d\u00eda esta desactualizada, es una formaci\u00f3n ambigua y no va a la vanguardia con la necesidad y la oferta que [&hellip;]<\/p>\n","protected":false},"author":1,"featured_media":0,"parent":0,"menu_order":0,"comment_status":"closed","ping_status":"closed","template":"elementor_header_footer","meta":{"_et_pb_use_builder":"","_et_pb_old_content":"","_et_gb_content_width":"","_joinchat":[],"footnotes":""},"class_list":["post-296","page","type-page","status-publish","hentry"],"_links":{"self":[{"href":"https:\/\/fundacionredcolores.org\/index.php\/wp-json\/wp\/v2\/pages\/296","targetHints":{"allow":["GET"]}}],"collection":[{"href":"https:\/\/fundacionredcolores.org\/index.php\/wp-json\/wp\/v2\/pages"}],"about":[{"href":"https:\/\/fundacionredcolores.org\/index.php\/wp-json\/wp\/v2\/types\/page"}],"author":[{"embeddable":true,"href":"https:\/\/fundacionredcolores.org\/index.php\/wp-json\/wp\/v2\/users\/1"}],"replies":[{"embeddable":true,"href":"https:\/\/fundacionredcolores.org\/index.php\/wp-json\/wp\/v2\/comments?post=296"}],"version-history":[{"count":44,"href":"https:\/\/fundacionredcolores.org\/index.php\/wp-json\/wp\/v2\/pages\/296\/revisions"}],"predecessor-version":[{"id":444,"href":"https:\/\/fundacionredcolores.org\/index.php\/wp-json\/wp\/v2\/pages\/296\/revisions\/444"}],"wp:attachment":[{"href":"https:\/\/fundacionredcolores.org\/index.php\/wp-json\/wp\/v2\/media?parent=296"}],"curies":[{"name":"wp","href":"https:\/\/api.w.org\/{rel}","templated":true}]}}

LÁPICES DE COLORES

<div data-elementor-type="wp-page" data-elementor-id="296" class="elementor elementor-296">
						<section class="elementor-section elementor-top-section elementor-element elementor-element-12062224 elementor-section-height-min-height elementor-section-boxed elementor-section-height-default elementor-section-items-middle" data-id="12062224" data-element_type="section" data-settings="{&quot;background_background&quot;:&quot;gradient&quot;,&quot;mdp_selection_sticky_effect_enable&quot;:false}">
						<div class="elementor-container elementor-column-gap-default">
					<div class="elementor-column elementor-col-100 elementor-top-column elementor-element elementor-element-6a596682" data-id="6a596682" data-element_type="column" data-settings="{&quot;background_background&quot;:&quot;classic&quot;,&quot;mdp_selection_sticky_column_effect_enable&quot;:false}">
			<div class="elementor-widget-wrap elementor-element-populated">
						<section class="elementor-section elementor-inner-section elementor-element elementor-element-7c0c2b1f elementor-section-boxed elementor-section-height-default elementor-section-height-default" data-id="7c0c2b1f" data-element_type="section" data-settings="{&quot;background_background&quot;:&quot;classic&quot;,&quot;mdp_selection_sticky_effect_enable&quot;:false}">
						<div class="elementor-container elementor-column-gap-default">
					<div class="elementor-column elementor-col-100 elementor-inner-column elementor-element elementor-element-1e425d2f" data-id="1e425d2f" data-element_type="column" data-settings="{&quot;background_background&quot;:&quot;classic&quot;,&quot;mdp_selection_sticky_column_effect_enable&quot;:false}">
			<div class="elementor-widget-wrap elementor-element-populated">
						<div class="elementor-element elementor-element-4c206a58 elementor-widget elementor-widget-heading" data-id="4c206a58" data-element_type="widget" data-widget_type="heading.default">
				<div class="elementor-widget-container">
					<h2 class="elementor-heading-title elementor-size-default">LÁPICES DE COLORES</h2>				</div>
				</div>
					</div>
		</div>
					</div>
		</section>
					</div>
		</div>
					</div>
		</section>
				<section class="elementor-section elementor-top-section elementor-element elementor-element-60ea534c elementor-reverse-tablet elementor-reverse-mobile elementor-section-boxed elementor-section-height-default elementor-section-height-default" data-id="60ea534c" data-element_type="section" data-settings="{&quot;background_background&quot;:&quot;gradient&quot;,&quot;mdp_selection_sticky_effect_enable&quot;:false}">
							<div class="elementor-background-overlay"></div>
							<div class="elementor-container elementor-column-gap-default">
					<div class="elementor-column elementor-col-100 elementor-top-column elementor-element elementor-element-343b8f" data-id="343b8f" data-element_type="column" data-settings="{&quot;mdp_selection_sticky_column_effect_enable&quot;:false}">
			<div class="elementor-widget-wrap elementor-element-populated">
						<section class="elementor-section elementor-inner-section elementor-element elementor-element-4872b1f2 elementor-section-boxed elementor-section-height-default elementor-section-height-default" data-id="4872b1f2" data-element_type="section" data-settings="{&quot;background_background&quot;:&quot;classic&quot;,&quot;mdp_selection_sticky_effect_enable&quot;:false}">
						<div class="elementor-container elementor-column-gap-default">
					<div class="elementor-column elementor-col-100 elementor-inner-column elementor-element elementor-element-20d0796f" data-id="20d0796f" data-element_type="column" data-settings="{&quot;mdp_selection_sticky_column_effect_enable&quot;:false}">
			<div class="elementor-widget-wrap elementor-element-populated">
						<div class="elementor-element elementor-element-b8cac40 elementor-widget elementor-widget-heading" data-id="b8cac40" data-element_type="widget" data-widget_type="heading.default">
				<div class="elementor-widget-container">
					<h5 class="elementor-heading-title elementor-size-default">Línea Educativa</h5>				</div>
				</div>
				<div class="elementor-element elementor-element-62b27096 elementor-widget elementor-widget-elementskit-faq" data-id="62b27096" data-element_type="widget" data-widget_type="elementskit-faq.default">
				<div class="elementor-widget-container">
					<div class="ekit-wid-con" >
                <div class="elementskit-single-faq elementor-repeater-item-a8946fb">
            <div class="elementskit-faq-header">
                <h2 class="elementskit-faq-title">“Dime y lo olvido, enséñame y lo recuerdo, involúcrame y lo aprendo” Benjamín F.</h2>
            </div>
            <div class="elementskit-faq-body">
                A través de encuestas e investigaciones hemos podido determinar que la educación
formal de hoy en día esta desactualizada, es una formación ambigua y no va a la
vanguardia con la necesidad y la oferta que requiere el estudiante en la actualidad, esto
está causando dificultades al momento de salir del aula y enfrentarse o desenvolverse en la sociedad como adulto, pues los jóvenes carecen de herramientas, criterio y
formación del Ser para poder ser partícipes y tomar decisiones que beneficien tanto a
la sociedad, como a ellos mismos de una manera responsable.<br><br>

No se está teniendo en cuenta la forma en como los estudiantes quieren aprender hoy
en día, como quieren explorar y explotar su conocimiento y el que van adquiriendo y,
esto está causando cada vez, mayor desinterés al momento de estudiar y más deserción
por parte de los estudiantes, por ende y en miras de estas problemáticas decidimos
abarcar este tema en varios proyectos teniendo en cuenta el grado, edad y entorno del
joven para poder cumplir y satisfacer la demanda educativa que hay en estos
momentos.<br><br>

            </div>
        </div>
                
    </div>				</div>
				</div>
					</div>
		</div>
					</div>
		</section>
				<section class="elementor-section elementor-inner-section elementor-element elementor-element-283a55d9 elementor-section-boxed elementor-section-height-default elementor-section-height-default" data-id="283a55d9" data-element_type="section" data-settings="{&quot;background_background&quot;:&quot;classic&quot;,&quot;mdp_selection_sticky_effect_enable&quot;:false}">
						<div class="elementor-container elementor-column-gap-default">
					<div class="elementor-column elementor-col-100 elementor-inner-column elementor-element elementor-element-632f1257" data-id="632f1257" data-element_type="column" data-settings="{&quot;mdp_selection_sticky_column_effect_enable&quot;:false}">
			<div class="elementor-widget-wrap elementor-element-populated">
						<div class="elementor-element elementor-element-5191369a elementor-widget elementor-widget-elementskit-faq" data-id="5191369a" data-element_type="widget" data-widget_type="elementskit-faq.default">
				<div class="elementor-widget-container">
					<div class="ekit-wid-con" >
                <div class="elementskit-single-faq elementor-repeater-item-a8946fb">
            <div class="elementskit-faq-header">
                <h2 class="elementskit-faq-title">PROYECTOS PRINCIPALES</h2>
            </div>
            <div class="elementskit-faq-body">
                 GENERACIÓN VIOLETA: Diplomado “Guardianes de la Excelencia” enfocado en
la educación integral del Ser, a través de las artes y el debate. Va dirigido a
estudiantes, representantes de grupo y líderes de cada grado.<br><br>
BAÚL AZUL: Es el proyecto enfocado en brindar educación a jóvenes y adultos
que aún no han podido acceder a ella, la nominamos también “Educación Móvil”
ya que el objetivo principal es llegar a esas comunidades que se les dificulta el
traslado por falta de recursos.<br> <br>
NIÑOS COLOR PURPURA: Este proyecto se desarrollara a través de un Semillero
Internacional de Educación dirigido a los estudiantes de primaria, con el
objetivo, de formarlos desde una edad temprana para generar en ellos un
pensamiento crítico, sensible y responsable.            </div>
        </div>
                
    </div>				</div>
				</div>
					</div>
		</div>
					</div>
		</section>
					</div>
		</div>
					</div>
		</section>
				</div>

<p>LÁPICES DE COLORES Línea Educativa “Dime y lo olvido, enséñame y lo recuerdo, involúcrame y lo aprendo” Benjamín F. A través de encuestas e investigaciones hemos podido determinar que la educación formal de hoy en día esta desactualizada, es una formación ambigua y no va a la vanguardia con la necesidad y la oferta que [&hellip;]</p>
